 be 3/(0 + 3) + -4. Let i = 1 - r. Let h(s) = 8*s**2 + i*s**2 + 7*s - 6*s. Give h(-1).
11
Let u(o) = 12*o**3 - 3*o**2 - 10*o + 23. Let k(y) = 7*y**3 - 2*y**2 - 6*y + 11. Let a(f) = -5*k(f) + 3*u(f). Let n(c) = -c - 3. Let i be n(-3). Calculate a(i).
14
Let p(u) = -5*u**2 - 5*u + 5. Let h(s) = -4*s**2 - 5*s + 4. Let j(z) = -6*h(z) + 5*p(z). Determine j(7).
-13
Let v(n) = 7*n**2 - 2683*n**3 - 2685*n**3 + 5367*n**3 + 7 + 4*n. Calculate v(8).
-25
Let l = 49 + -28. Let y be ((-7)/l)/((-1)/9). Suppose -y*i + 12 = -i. Let o(s) = -4*s + 8. What is o(i)?
-16
Let g(v) be the second derivative of 0*v**2 + 1/6*v**3 + 27*v + 0 - 1/6*v**4 - 11/20*v**5. Determine g(1).
-12
Let w(i) be the second derivative of -7*i**4/12 - i**2/2 - 146*i. Let c = 0 - -1. Determine w(c).
-8
Suppose 3*y = -18 + 33. Suppose -y*i + 6 = -24. Let a(x) be the second derivative of x**3/6 + 2*x**2 - 2*x. Determine a(i).
10
Let f = -1041 + 1039. Let g(s) = 5*s + 9. Let k(b) = 3*b + 5. Let y(p) = -6*g(p) + 11*k(p). Calculate y(f).
-5
Let x(w) be the second derivative of -w**5/20 + w**4/2 - 5*w**3/6 - w**2/2 + 4*w. Suppose -4*t - 3*i = -17, 0 = 5*t + 5*i + 4 - 24. Give x(t).
-1
Let m = 4 - 2. Let j(p) = -1 + 11*p**3 + p + 384*p**2 + 0*p - 383*p**m. Determine j(1).
12
Let f(n) be the first derivative of -5/24*n**4 - 12 - 11/2*n**2 + 0*n + 1/6*n**3. Let z(s) be the second derivative of f(s). Calculate z(-2).
11
Let x(t) = t**2 + 4*t + 6. Let o(g) = -2*g**2 - 85*g - 46. Let y be o(-42). Give x(y).
6
Let y = 44 - 40. Let a be 54/12 - 2/y. Let f(l) = l**2 - 4*l - 1. Give f(a).
-1
Let n(k) = -2*k - 5. Let q(l) = l + 6. Let f(t) = -3*n(t) - 2*q(t). Let z(g) = -g. Let d(w) = f(w) + 6*z(w). Calculate d(6).
-9
Let k(h) = h**3 - 5*h**2 + 2*h + 1. Let z(g) = -g**3 + 13*g**2 - g + 18. Let u be z(13). Suppose u*j + 5 = 25. Determine k(j).
-7
Let g be 4/(-10)*150/(-180). Let i(h) be the first derivative of -g*h**3 - 3/2*h**2 + 0*h + 4. What is i(-4)?
-4
Let p = -312 + 309. Let j(k) = -k - 1. Let d(m) = -m**2 + 4. Let i(y) = -d(y) - 2*j(y). Calculate i(p).
1
Let n(i) = 7*i + 1. Let c(o) = 2*o**2 - 3*o - 3. Let b(p) = p**2 + 8*p + 3. Let x be b(-8). Let v be c(x). Let a be v/(-4)*(-30)/(-45). Determine n(a).
-6
Let v(y) = -7*y - 1. Let n be v(-1). Let q(o) = -n + 2*o + 8 - 1 - o. Let p be q(-4). Let j(a) = a - 2. Determine j(p).
-5
Let s(a) = -2*a**2 - a + 4. Let v(f) = 3*f**2 - 4. Let k(n) = 5*s(n) + 4*v(n). Suppose 4*z = 8 + 8. Calculate k(z).
16
Let t(j) be the third derivative of j**6/120 - j**5/15 + j**4/24 - j**3/6 - 80*j**2. Determine t(5).
29
Let v(b) = -6*b**2 - 488 - b**3 + 488. Let z be v(-6). Let d(q) = -q**2 + 5. What is d(z)?
5
Let a(k) = -4*k**2 - 7*k + 8. Let u be a(1). Let l(r) = 4*r**2 + 5*r + 1. Let n(q) = 21*q**2 + 26*q + 4. Let p(o) = -11*l(o) + 2*n(o). What is p(u)?
-12
Let p(d) be the third derivative of -1/60*d**5 + 0 + 0*d**4 + 0*d - 1/6*d**3 - 5*d**2. Let i be (3 + -2)*4/2. What is p(i)?
-5
Let p(d) = 17 - 9*d**2 - 147*d + d**3 - 2 - 3*d**2 + 155*d. Calculate p(11).
-18
Let d(s) be the third derivative of s**5/20 - s**4/24 - s**3/6 - 3*s**2. Suppose -4*i = 3*a + 10, -3*a = -2*a - 2*i. Let x = 0 - a. Calculate d(x).
9
Let w = 0 + 11. Let i(g) be the third derivative of g**4/24 - g**3/3 - 19*g**2. Let o(l) = -6*l + 10. Let h(t) = w*i(t) + 2*o(t). Calculate h(-4).
2
Suppose 4*j = 5*y, 0 = -5*j - 28*y + 33*y. Let a(g) = g**3 - g - 21. What is a(j)?
-21
Suppose -3*r = -2*r - 4*b + 6, 2*r = -4*b. Suppose 5*a - 5*y - 20 = 0, 5*a = 4*a + 2*y + 8. Let u(d) = 2*d + a*d - d + 2*d**2 - 3*d**2. Calculate u(r).
-6
Let o(c) = 50*c**3 + 2*c**2 - 9*c - 6. Let y(l) = 32*l**3 + l**2 - 6*l - 4. Let r(a) = -5*o(a) + 8*y(a). Calculate r(-2).
-52
Suppose -3*g = -13*t + 17*t - 13, -4*g = -t + 8. Let l(w) = -15*w**2 - 1. Give l(g).
-16
Let n(b) = 2*b**2 + 6*b + 2. Let x(q) = -2*q**2 - 16*q + 14. Let l be x(-9). Give n(l).
10
Let q(b) = -b**3 + 8*b**2 - 7*b - 1. Let c be q(7). Let g(u) = 26*u**2 + 2*u + 2. Let r(s) = s + 1. Let t(n) = g(n) - r(n). Give t(c).
26
Let z(c) = 31*c**2 + 5*c + 18. Let i(h) = -11*h**2 - 2*h - 6. Let k(p) = 17*i(p) + 6*z(p). Calculate k(-4).
6
Let l(x) = -8*x**2 - 12*x - 2 + 32*x - 11*x + 1 - 7*x. Suppose 0 = 4*d - 5 + 1. Calculate l(d).
-7
Let s(h) = 2*h**3 + 5*h**2 + 4*h - 18. Let v(n) = n**3 + 3*n**2 + 2*n - 10. Let p(u) = -4*s(u) + 7*v(u). Give p(2).
-6
Let l(n) = n**2 - n + 7. Let d(f) = 8*f + 192. Let a be d(-24). Give l(a).
7
Let z(n) = -2*n + 5. Let o = -268 + 276. Calculate z(o).
-11
Let v(u) be the second derivative of 3*u**3/2 - 3*u**2/2 + 96*u + 1. What is v(1)?
6
Let p be (56/(-84))/(-3 - 24/(-9)). Let h(w) = 2*w**2 + w - 5. Determine h(p).
5
Let g(l) = -l**2 - 3*l + 3. Suppose 4*b + 228 = 216. Determine g(b).
3
Let q = -24 + 32. Let d be (-279)/(-24) - (-3)/q. Let z be (-4)/d + (-44)/12. Let x(s) = 2*s + 5. Give x(z).
-3
Let k(t) = -t**2 + 2*t + 2. Let b be 16/(-2)*2/(-2). Let a be 2/(-4)*(-10 + b). Suppose -3*l + 8 = -4*c, l - c = 2 + a. Calculate k(l).
-6
Let a(j) = -j - 6. Let r = -26 - -35. Suppose l = -5*z + r, 4*z = -7 + 19. What is a(l)?
0
Suppose 0 = -2*a - 3*b - 5, 0 = 2*a - 0*a - 4*b - 16. Let x be 1/(a + -1)*3. Let o(l) be the second derivative of l**3/3 - l**2/2 - l. What is o(x)?
5
Suppose -2 = z - 7. Suppose -z*c - 34 = -9. Let x(t) = t**3 + 4*t**2 - 7*t - 4. Determine x(c).
6
Let j(t) = t - 7. Let f(r) = -r + 14. Let d(v) = 2*f(v) + 5*j(v). Let n be 18/24*(-13 - -1). Let x = n - -14. What is d(x)?
8
Let d(a) = 2*a**3 - 9*a**2 + 3*a + 6. Let i be d(4). Let z(c) = -7*c + c**2 - 7 + 8 - i*c**2. Determine z(-5).
11
Let z(o) be the first derivative of o**3/3 + 7*o**2/2 + o + 9. Calculate z(-5).
-9
Let l(z) = 3*z**2 - 12*z. Let d(r) = 5*r**2 - 25*r + 1 - 4*r - 2 + 6*r. Let w(n) = 4*d(n) - 7*l(n). Determine w(-5).
11
Let c be (-6 - 1) + 4 - (-9 + 1). Let n(z) = -c + z**2 + 19*z - 2 - 19*z. Determine n(5).
18
Let m(a) = a**3 - 7*a**2 + 8*a - 5. Let x(s) = -s**2 - s + 1264. Let o be x(-36). Give m(o).
-21
Suppose -14*u + 13*u = 3*x - 10, 20 = 2*x + 4*u. Let c(o) be the third derivative of -4*o**x + 1/6*o**3 - 1/12*o**4 + 0*o + 0. Calculate c(-5).
11
Let i(g) be the first derivative of -7*g**4/12 + g**2/2 + 40*g + 30. Let w(z) be the first derivative of i(z). Give w(1).
-6
Let z(l) = 4*l + 5. Let a(y) = 3*y + 4. Suppose -3*w - 2*v + 10 + 3 = 0, 2*w - 13 = 3*v. Let o(f) = w*a(f) - 4*z(f). Calculate o(3).
-3
Let d(o) = 59*o + 65*o + 2 + 54*o - 186*o. What is d(1)?
-6
Let t(x) be the third derivative of 0*x - 9*x**2 + 0 + 2/3*x**3 + 1/24*x**4. Let m = -1 + 1. What is t(m)?
4
Let v = -47 - -47. Let m(b) = -b**3 - b**2 - 7. Let c be m(v). Let t(a) = -a**3 - 8*a**2 - 6*a + 10. What is t(c)?
3
Let r(z) = -5*z + 4. Let n(h) = 10*h - 2. Let y(o) = 3*n(o) + 5*r(o). Determine y(-6).
-16
Let d(n) = -n**2 - 15*n + 9. Let a be d(0). Let l(v) = 2*v - 3*v + 6 + 0*v. Determine l(a).
-3
Let q(s) be the second derivative of -15*s - s**2 + 0 + 1/6*s**3. Calculate q(-2).
-4
Let t = -50 + 57. Suppose -10*s = -t*s + 3. Let z(i) = -5*i - 2. Determine z(s).
3
Let b(k) be the third derivative of k**5/60 + 7*k**4/24 - 8*k**3 + 3*k**2 - 2. Let s(g) be the first derivative of b(g). Determine s(-5).
-3
Let b(m) = m - 24. Let y(f) = 2*f - 5. Let s(j) = -b(j) + 2*y(j). Determine s(-10).
-16
Let l be (-2 + 2)/(-7) - 5. Let w(v) = v**2 + 7*v. Calculate w(l).
-10
Suppose -61 + 79 = 6*w. Let l(i) = -2*i + 5. Calculate l(w).
-1
Suppose -98*h = -46*h + 988. Let i(y) = y**3 + 20*y**2 + 19*y + 11. Determine i(h).
11
Let s(n) = n**2 - 1. Let y(j) be the second derivative of j**4/4 - 4*j**3/3 + 2*j**2 - 3*j. Let q(b) = 2*s(b) - y(b). What is q(8)?
-6
Let o(u) = 4*u - 2. Let n = 13 + -8. Let z(v) = v**3 - 5*v**2 + v - 3. Let f be z(5). Suppose f*k - 5*g + 24 = 0, -26 = 3*k - 0*g - n*g. What is o(k)?
-10
Let z(x) be the second derivative of -x**5/20 - x**4/4 + x**3/6 - 5*x**2/2 - 76*x. Let c = -59 - -55. What is z(c)?
7
Let x(b) = -4*b**2 - 10*b + 11*b + 7*b**2. Calculate x(-2).
10
Let l(n) = n**3 + 5*n**2 + 3*n + 2. Let o(p) = 4*p - 15. Let i be o(-8). Let c = i + 43. Determine l(c).
6
Let d(q) be the first derivative of 3*q**4/4 + 2*q**3/3 - q - 50. Calculate d(1).
4
Let k(f) = -f**2 + 2*f + 4. Let c(i) = 2*i**3. Let h be c(1). Suppose -2*g = -h - 8. Determine k(g).
-11
Let q(l) = l**3 + 5*l**2 +